{"id":53942,"date":"2016-04-27T10:37:15","date_gmt":"2016-04-27T09:37:15","guid":{"rendered":"http:\/\/www.huruguen.fr\/site\/?post_type=portfolio&#038;p=53942"},"modified":"2020-11-10T15:16:27","modified_gmt":"2020-11-10T14:16:27","slug":"photographe-concert-bordeaux-sud-ouest-musique-live-scene","status":"publish","type":"portfolio","link":"https:\/\/www.huruguen.fr\/site\/portfolio\/photographe-concert-bordeaux-sud-ouest-musique-live-scene\/","title":{"rendered":"Photographe Concert"},"content":{"rendered":"\n\n\n<div style=\"height:50px\" aria-hidden=\"true\" class=\"wp-block-spacer\"><\/div>\n\n\n\n<p>Photographe reporter ind\u00e9pendant, prestations de reportage concerts de musique de qualit\u00e9 professionnelles \u00e0 Bordeaux, en Gironde et dans le Sud-Ouest de la France.<\/p>\n\n\n\n<p>S\u00e9bastien Huruguen est photographe de concerts et live music en Gironde.<\/p>\n","protected":false},"excerpt":{"rendered":"<p>Photographe reporter ind\u00e9pendant, prestations de reportage concerts de musique de qualit\u00e9 professionnelles \u00e0 Bordeaux, en Gironde et dans le Sud-Ouest de la France. S\u00e9bastien Huruguen est photographe de concerts et live music en Gironde.<\/p>\n","protected":false},"author":1,"featured_media":53952,"menu_order":0,"comment_status":"closed","ping_status":"closed","template":"","meta":{"kt_blocks_editor_width":""},"portfolio-type":[3210,2789],"class_list":["post-53942","portfolio","type-portfolio","status-publish","has-post-thumbnail","hentry","portfolio-type-evenementiel","portfolio-type-professionnels"],"yoast_head":"<!-- This site is optimized with the Yoast SEO plugin v27.4 - https:\/\/yoast.com\/product\/yoast-seo-wordpress\/ -->\n<title>Photographe Concert - Photographe Professionnel \u00e0 Bordeaux &#x1f4f7; Sebastien Huruguen<\/title>\n<meta name=\"robots\" content=\"index, follow, max-snippet:-1, max-image-preview:large, max-video-preview:-1\" \/>\n<link rel=\"canonical\" href=\"https:\/\/www.huruguen.fr\/site\/portfolio\/photographe-concert-bordeaux-sud-ouest-musique-live-scene\/\" \/>\n<meta property=\"og:locale\" content=\"fr_FR\" \/>\n<meta property=\"og:type\" content=\"article\" \/>\n<meta property=\"og:title\" content=\"Photographe Concert - Photographe Professionnel \u00e0 Bordeaux &#x1f4f7; Sebastien Huruguen\" \/>\n<meta property=\"og:description\" content=\"Photographe reporter ind\u00e9pendant, prestations de reportage concerts de musique de qualit\u00e9 professionnelles \u00e0 Bordeaux, en Gironde et dans le Sud-Ouest de la France. S\u00e9bastien Huruguen est photographe de concerts et live music en Gironde.\" \/>\n<meta property=\"og:url\" content=\"https:\/\/www.huruguen.fr\/site\/portfolio\/photographe-concert-bordeaux-sud-ouest-musique-live-scene\/\" \/>\n<meta property=\"og:site_name\" content=\"Photographe Professionnel \u00e0 Bordeaux &#x1f4f7; Sebastien Huruguen\" \/>\n<meta property=\"article:publisher\" content=\"https:\/\/www.facebook.com\/huruguen\" \/>\n<meta property=\"article:modified_time\" content=\"2020-11-10T14:16:27+00:00\" \/>\n<meta property=\"og:image\" content=\"https:\/\/www.huruguen.fr\/site\/wp-content\/uploads\/2016\/04\/concert-musique-sfaxi-fete-de-la-musique-medoc-gironde-sebastien-huruguen-photographe.jpg\" \/>\n\t<meta property=\"og:image:width\" content=\"1200\" \/>\n\t<meta property=\"og:image:height\" content=\"800\" \/>\n\t<meta property=\"og:image:type\" content=\"image\/jpeg\" \/>\n<meta name=\"twitter:card\" content=\"summary_large_image\" \/>\n<meta name=\"twitter:site\" content=\"@www_huruguen_fr\" \/>\n<script type=\"application\/ld+json\" class=\"yoast-schema-graph\">{\"@context\":\"https:\\\/\\\/schema.org\",\"@graph\":[{\"@type\":\"WebPage\",\"@id\":\"https:\\\/\\\/www.huruguen.fr\\\/site\\\/portfolio\\\/photographe-concert-bordeaux-sud-ouest-musique-live-scene\\\/\",\"url\":\"https:\\\/\\\/www.huruguen.fr\\\/site\\\/portfolio\\\/photographe-concert-bordeaux-sud-ouest-musique-live-scene\\\/\",\"name\":\"Photographe Concert - Photographe Professionnel \u00e0 Bordeaux &#x1f4f7; Sebastien Huruguen\",\"isPartOf\":{\"@id\":\"https:\\\/\\\/www.huruguen.fr\\\/site\\\/#website\"},\"primaryImageOfPage\":{\"@id\":\"https:\\\/\\\/www.huruguen.fr\\\/site\\\/portfolio\\\/photographe-concert-bordeaux-sud-ouest-musique-live-scene\\\/#primaryimage\"},\"image\":{\"@id\":\"https:\\\/\\\/www.huruguen.fr\\\/site\\\/portfolio\\\/photographe-concert-bordeaux-sud-ouest-musique-live-scene\\\/#primaryimage\"},\"thumbnailUrl\":\"https:\\\/\\\/www.huruguen.fr\\\/site\\\/wp-content\\\/uploads\\\/2016\\\/04\\\/concert-musique-sfaxi-fete-de-la-musique-medoc-gironde-sebastien-huruguen-photographe.jpg\",\"datePublished\":\"2016-04-27T09:37:15+00:00\",\"dateModified\":\"2020-11-10T14:16:27+00:00\",\"breadcrumb\":{\"@id\":\"https:\\\/\\\/www.huruguen.fr\\\/site\\\/portfolio\\\/photographe-concert-bordeaux-sud-ouest-musique-live-scene\\\/#breadcrumb\"},\"inLanguage\":\"fr-FR\",\"potentialAction\":[{\"@type\":\"ReadAction\",\"target\":[\"https:\\\/\\\/www.huruguen.fr\\\/site\\\/portfolio\\\/photographe-concert-bordeaux-sud-ouest-musique-live-scene\\\/\"]}]},{\"@type\":\"ImageObject\",\"inLanguage\":\"fr-FR\",\"@id\":\"https:\\\/\\\/www.huruguen.fr\\\/site\\\/portfolio\\\/photographe-concert-bordeaux-sud-ouest-musique-live-scene\\\/#primaryimage\",\"url\":\"https:\\\/\\\/www.huruguen.fr\\\/site\\\/wp-content\\\/uploads\\\/2016\\\/04\\\/concert-musique-sfaxi-fete-de-la-musique-medoc-gironde-sebastien-huruguen-photographe.jpg\",\"contentUrl\":\"https:\\\/\\\/www.huruguen.fr\\\/site\\\/wp-content\\\/uploads\\\/2016\\\/04\\\/concert-musique-sfaxi-fete-de-la-musique-medoc-gironde-sebastien-huruguen-photographe.jpg\",\"width\":1200,\"height\":800,\"caption\":\"concert-musique-sfaxi-fete-de-la-musique-medoc-gironde-sebastien-huruguen-photographe\"},{\"@type\":\"BreadcrumbList\",\"@id\":\"https:\\\/\\\/www.huruguen.fr\\\/site\\\/portfolio\\\/photographe-concert-bordeaux-sud-ouest-musique-live-scene\\\/#breadcrumb\",\"itemListElement\":[{\"@type\":\"ListItem\",\"position\":1,\"name\":\"Accueil\",\"item\":\"https:\\\/\\\/www.huruguen.fr\\\/site\\\/\"},{\"@type\":\"ListItem\",\"position\":2,\"name\":\"Photographe Concert\"}]},{\"@type\":\"WebSite\",\"@id\":\"https:\\\/\\\/www.huruguen.fr\\\/site\\\/#website\",\"url\":\"https:\\\/\\\/www.huruguen.fr\\\/site\\\/\",\"name\":\"Photographe Professionnel \u00e0 Bordeaux Sebastien Huruguen\",\"description\":\"Photographe professionnel ind\u00e9pendant a Bordeaux. Prestations et services photograpphiques pour les professionnels et particuliers : reportages, s\u00e9ances photos, studio, packshot.\",\"publisher\":{\"@id\":\"https:\\\/\\\/www.huruguen.fr\\\/site\\\/#organization\"},\"potentialAction\":[{\"@type\":\"SearchAction\",\"target\":{\"@type\":\"EntryPoint\",\"urlTemplate\":\"https:\\\/\\\/www.huruguen.fr\\\/site\\\/?s={search_term_string}\"},\"query-input\":{\"@type\":\"PropertyValueSpecification\",\"valueRequired\":true,\"valueName\":\"search_term_string\"}}],\"inLanguage\":\"fr-FR\"},{\"@type\":\"Organization\",\"@id\":\"https:\\\/\\\/www.huruguen.fr\\\/site\\\/#organization\",\"name\":\"S\u00e9bastien Huruguen Photographe\",\"url\":\"https:\\\/\\\/www.huruguen.fr\\\/site\\\/\",\"logo\":{\"@type\":\"ImageObject\",\"inLanguage\":\"fr-FR\",\"@id\":\"https:\\\/\\\/www.huruguen.fr\\\/site\\\/#\\\/schema\\\/logo\\\/image\\\/\",\"url\":\"https:\\\/\\\/www.huruguen.fr\\\/site\\\/wp-content\\\/uploads\\\/2018\\\/03\\\/Logo-Huruguen-triptique-2018-noir-1500.jpg\",\"contentUrl\":\"https:\\\/\\\/www.huruguen.fr\\\/site\\\/wp-content\\\/uploads\\\/2018\\\/03\\\/Logo-Huruguen-triptique-2018-noir-1500.jpg\",\"width\":1500,\"height\":1500,\"caption\":\"S\u00e9bastien Huruguen Photographe\"},\"image\":{\"@id\":\"https:\\\/\\\/www.huruguen.fr\\\/site\\\/#\\\/schema\\\/logo\\\/image\\\/\"},\"sameAs\":[\"https:\\\/\\\/www.facebook.com\\\/huruguen\",\"https:\\\/\\\/x.com\\\/www_huruguen_fr\",\"https:\\\/\\\/www.instagram.com\\\/sebastien.huruguen\\\/\"]}]}<\/script>\n<!-- \/ Yoast SEO plugin. -->","yoast_head_json":{"title":"Photographe Concert - Photographe Professionnel \u00e0 Bordeaux &#x1f4f7; Sebastien Huruguen","robots":{"index":"index","follow":"follow","max-snippet":"max-snippet:-1","max-image-preview":"max-image-preview:large","max-video-preview":"max-video-preview:-1"},"canonical":"https:\/\/www.huruguen.fr\/site\/portfolio\/photographe-concert-bordeaux-sud-ouest-musique-live-scene\/","og_locale":"fr_FR","og_type":"article","og_title":"Photographe Concert - Photographe Professionnel \u00e0 Bordeaux &#x1f4f7; Sebastien Huruguen","og_description":"Photographe reporter ind\u00e9pendant, prestations de reportage concerts de musique de qualit\u00e9 professionnelles \u00e0 Bordeaux, en Gironde et dans le Sud-Ouest de la France. S\u00e9bastien Huruguen est photographe de concerts et live music en Gironde.","og_url":"https:\/\/www.huruguen.fr\/site\/portfolio\/photographe-concert-bordeaux-sud-ouest-musique-live-scene\/","og_site_name":"Photographe Professionnel \u00e0 Bordeaux &#x1f4f7; Sebastien Huruguen","article_publisher":"https:\/\/www.facebook.com\/huruguen","article_modified_time":"2020-11-10T14:16:27+00:00","og_image":[{"width":1200,"height":800,"url":"https:\/\/www.huruguen.fr\/site\/wp-content\/uploads\/2016\/04\/concert-musique-sfaxi-fete-de-la-musique-medoc-gironde-sebastien-huruguen-photographe.jpg","type":"image\/jpeg"}],"twitter_card":"summary_large_image","twitter_site":"@www_huruguen_fr","schema":{"@context":"https:\/\/schema.org","@graph":[{"@type":"WebPage","@id":"https:\/\/www.huruguen.fr\/site\/portfolio\/photographe-concert-bordeaux-sud-ouest-musique-live-scene\/","url":"https:\/\/www.huruguen.fr\/site\/portfolio\/photographe-concert-bordeaux-sud-ouest-musique-live-scene\/","name":"Photographe Concert - Photographe Professionnel \u00e0 Bordeaux &#x1f4f7; Sebastien Huruguen","isPartOf":{"@id":"https:\/\/www.huruguen.fr\/site\/#website"},"primaryImageOfPage":{"@id":"https:\/\/www.huruguen.fr\/site\/portfolio\/photographe-concert-bordeaux-sud-ouest-musique-live-scene\/#primaryimage"},"image":{"@id":"https:\/\/www.huruguen.fr\/site\/portfolio\/photographe-concert-bordeaux-sud-ouest-musique-live-scene\/#primaryimage"},"thumbnailUrl":"https:\/\/www.huruguen.fr\/site\/wp-content\/uploads\/2016\/04\/concert-musique-sfaxi-fete-de-la-musique-medoc-gironde-sebastien-huruguen-photographe.jpg","datePublished":"2016-04-27T09:37:15+00:00","dateModified":"2020-11-10T14:16:27+00:00","breadcrumb":{"@id":"https:\/\/www.huruguen.fr\/site\/portfolio\/photographe-concert-bordeaux-sud-ouest-musique-live-scene\/#breadcrumb"},"inLanguage":"fr-FR","potentialAction":[{"@type":"ReadAction","target":["https:\/\/www.huruguen.fr\/site\/portfolio\/photographe-concert-bordeaux-sud-ouest-musique-live-scene\/"]}]},{"@type":"ImageObject","inLanguage":"fr-FR","@id":"https:\/\/www.huruguen.fr\/site\/portfolio\/photographe-concert-bordeaux-sud-ouest-musique-live-scene\/#primaryimage","url":"https:\/\/www.huruguen.fr\/site\/wp-content\/uploads\/2016\/04\/concert-musique-sfaxi-fete-de-la-musique-medoc-gironde-sebastien-huruguen-photographe.jpg","contentUrl":"https:\/\/www.huruguen.fr\/site\/wp-content\/uploads\/2016\/04\/concert-musique-sfaxi-fete-de-la-musique-medoc-gironde-sebastien-huruguen-photographe.jpg","width":1200,"height":800,"caption":"concert-musique-sfaxi-fete-de-la-musique-medoc-gironde-sebastien-huruguen-photographe"},{"@type":"BreadcrumbList","@id":"https:\/\/www.huruguen.fr\/site\/portfolio\/photographe-concert-bordeaux-sud-ouest-musique-live-scene\/#breadcrumb","itemListElement":[{"@type":"ListItem","position":1,"name":"Accueil","item":"https:\/\/www.huruguen.fr\/site\/"},{"@type":"ListItem","position":2,"name":"Photographe Concert"}]},{"@type":"WebSite","@id":"https:\/\/www.huruguen.fr\/site\/#website","url":"https:\/\/www.huruguen.fr\/site\/","name":"Photographe Professionnel \u00e0 Bordeaux Sebastien Huruguen","description":"Photographe professionnel ind\u00e9pendant a Bordeaux. Prestations et services photograpphiques pour les professionnels et particuliers : reportages, s\u00e9ances photos, studio, packshot.","publisher":{"@id":"https:\/\/www.huruguen.fr\/site\/#organization"},"potentialAction":[{"@type":"SearchAction","target":{"@type":"EntryPoint","urlTemplate":"https:\/\/www.huruguen.fr\/site\/?s={search_term_string}"},"query-input":{"@type":"PropertyValueSpecification","valueRequired":true,"valueName":"search_term_string"}}],"inLanguage":"fr-FR"},{"@type":"Organization","@id":"https:\/\/www.huruguen.fr\/site\/#organization","name":"S\u00e9bastien Huruguen Photographe","url":"https:\/\/www.huruguen.fr\/site\/","logo":{"@type":"ImageObject","inLanguage":"fr-FR","@id":"https:\/\/www.huruguen.fr\/site\/#\/schema\/logo\/image\/","url":"https:\/\/www.huruguen.fr\/site\/wp-content\/uploads\/2018\/03\/Logo-Huruguen-triptique-2018-noir-1500.jpg","contentUrl":"https:\/\/www.huruguen.fr\/site\/wp-content\/uploads\/2018\/03\/Logo-Huruguen-triptique-2018-noir-1500.jpg","width":1500,"height":1500,"caption":"S\u00e9bastien Huruguen Photographe"},"image":{"@id":"https:\/\/www.huruguen.fr\/site\/#\/schema\/logo\/image\/"},"sameAs":["https:\/\/www.facebook.com\/huruguen","https:\/\/x.com\/www_huruguen_fr","https:\/\/www.instagram.com\/sebastien.huruguen\/"]}]}},"_links":{"self":[{"href":"https:\/\/www.huruguen.fr\/site\/wp-json\/wp\/v2\/portfolio\/53942","targetHints":{"allow":["GET"]}}],"collection":[{"href":"https:\/\/www.huruguen.fr\/site\/wp-json\/wp\/v2\/portfolio"}],"about":[{"href":"https:\/\/www.huruguen.fr\/site\/wp-json\/wp\/v2\/types\/portfolio"}],"author":[{"embeddable":true,"href":"https:\/\/www.huruguen.fr\/site\/wp-json\/wp\/v2\/users\/1"}],"replies":[{"embeddable":true,"href":"https:\/\/www.huruguen.fr\/site\/wp-json\/wp\/v2\/comments?post=53942"}],"wp:featuredmedia":[{"embeddable":true,"href":"https:\/\/www.huruguen.fr\/site\/wp-json\/wp\/v2\/media\/53952"}],"wp:attachment":[{"href":"https:\/\/www.huruguen.fr\/site\/wp-json\/wp\/v2\/media?parent=53942"}],"wp:term":[{"taxonomy":"portfolio-type","embeddable":true,"href":"https:\/\/www.huruguen.fr\/site\/wp-json\/wp\/v2\/portfolio-type?post=53942"}],"curies":[{"name":"wp","href":"https:\/\/api.w.org\/{rel}","templated":true}]}}

<div style="height:50px" aria-hidden="true" class="wp-block-spacer"></div>



<p>Photographe reporter indépendant, prestations de reportage concerts de musique de qualité professionnelles à Bordeaux, en Gironde et dans le Sud-Ouest de la France.</p>



<p>Sébastien Huruguen est photographe de concerts et live music en Gironde.</p>

<p>Photographe reporter indépendant, prestations de reportage concerts de musique de qualité professionnelles à Bordeaux, en Gironde et dans le Sud-Ouest de la France. Sébastien Huruguen est photographe de concerts et live music en Gironde.</p>

<!-- This site is optimized with the Yoast SEO plugin v27.4 - https://yoast.com/product/yoast-seo-wordpress/ -->
<title>Photographe Concert - Photographe Professionnel à Bordeaux &#x1f4f7; Sebastien Huruguen</title>
<meta name="robots" content="index, follow, max-snippet:-1, max-image-preview:large, max-video-preview:-1" />
<link rel="canonical" href="https://www.huruguen.fr/site/portfolio/photographe-concert-bordeaux-sud-ouest-musique-live-scene/" />
<meta property="og:locale" content="fr_FR" />
<meta property="og:type" content="article" />
<meta property="og:title" content="Photographe Concert - Photographe Professionnel à Bordeaux &#x1f4f7; Sebastien Huruguen" />
<meta property="og:description" content="Photographe reporter indépendant, prestations de reportage concerts de musique de qualité professionnelles à Bordeaux, en Gironde et dans le Sud-Ouest de la France. Sébastien Huruguen est photographe de concerts et live music en Gironde." />
<meta property="og:url" content="https://www.huruguen.fr/site/portfolio/photographe-concert-bordeaux-sud-ouest-musique-live-scene/" />
<meta property="og:site_name" content="Photographe Professionnel à Bordeaux &#x1f4f7; Sebastien Huruguen" />
<meta property="article:publisher" content="https://www.facebook.com/huruguen" />
<meta property="article:modified_time" content="2020-11-10T14:16:27+00:00" />
<meta property="og:image" content="https://www.huruguen.fr/site/wp-content/uploads/2016/04/concert-musique-sfaxi-fete-de-la-musique-medoc-gironde-sebastien-huruguen-photographe.jpg" />
	<meta property="og:image:width" content="1200" />
	<meta property="og:image:height" content="800" />
	<meta property="og:image:type" content="image/jpeg" />
<meta name="twitter:card" content="summary_large_image" />
<meta name="twitter:site" content="@www_huruguen_fr" />
<script type="application/ld+json" class="yoast-schema-graph">{"@context":"https:\/\/schema.org","@graph":[{"@type":"WebPage","@id":"https:\/\/www.huruguen.fr\/site\/portfolio\/photographe-concert-bordeaux-sud-ouest-musique-live-scene\/","url":"https:\/\/www.huruguen.fr\/site\/portfolio\/photographe-concert-bordeaux-sud-ouest-musique-live-scene\/","name":"Photographe Concert - Photographe Professionnel à Bordeaux &#x1f4f7; Sebastien Huruguen","isPartOf":{"@id":"https:\/\/www.huruguen.fr\/site\/#website"},"primaryImageOfPage":{"@id":"https:\/\/www.huruguen.fr\/site\/portfolio\/photographe-concert-bordeaux-sud-ouest-musique-live-scene\/#primaryimage"},"image":{"@id":"https:\/\/www.huruguen.fr\/site\/portfolio\/photographe-concert-bordeaux-sud-ouest-musique-live-scene\/#primaryimage"},"thumbnailUrl":"https:\/\/www.huruguen.fr\/site\/wp-content\/uploads\/2016\/04\/concert-musique-sfaxi-fete-de-la-musique-medoc-gironde-sebastien-huruguen-photographe.jpg","datePublished":"2016-04-27T09:37:15+00:00","dateModified":"2020-11-10T14:16:27+00:00","breadcrumb":{"@id":"https:\/\/www.huruguen.fr\/site\/portfolio\/photographe-concert-bordeaux-sud-ouest-musique-live-scene\/#breadcrumb"},"inLanguage":"fr-FR","potentialAction":[{"@type":"ReadAction","target":["https:\/\/www.huruguen.fr\/site\/portfolio\/photographe-concert-bordeaux-sud-ouest-musique-live-scene\/"]}]},{"@type":"ImageObject","inLanguage":"fr-FR","@id":"https:\/\/www.huruguen.fr\/site\/portfolio\/photographe-concert-bordeaux-sud-ouest-musique-live-scene\/#primaryimage","url":"https:\/\/www.huruguen.fr\/site\/wp-content\/uploads\/2016\/04\/concert-musique-sfaxi-fete-de-la-musique-medoc-gironde-sebastien-huruguen-photographe.jpg","contentUrl":"https:\/\/www.huruguen.fr\/site\/wp-content\/uploads\/2016\/04\/concert-musique-sfaxi-fete-de-la-musique-medoc-gironde-sebastien-huruguen-photographe.jpg","width":1200,"height":800,"caption":"concert-musique-sfaxi-fete-de-la-musique-medoc-gironde-sebastien-huruguen-photographe"},{"@type":"BreadcrumbList","@id":"https:\/\/www.huruguen.fr\/site\/portfolio\/photographe-concert-bordeaux-sud-ouest-musique-live-scene\/#breadcrumb","itemListElement":[{"@type":"ListItem","position":1,"name":"Accueil","item":"https:\/\/www.huruguen.fr\/site\/"},{"@type":"ListItem","position":2,"name":"Photographe Concert"}]},{"@type":"WebSite","@id":"https:\/\/www.huruguen.fr\/site\/#website","url":"https:\/\/www.huruguen.fr\/site\/","name":"Photographe Professionnel à Bordeaux Sebastien Huruguen","description":"Photographe professionnel indépendant a Bordeaux. Prestations et services photograpphiques pour les professionnels et particuliers : reportages, séances photos, studio, packshot.","publisher":{"@id":"https:\/\/www.huruguen.fr\/site\/#organization"},"potentialAction":[{"@type":"SearchAction","target":{"@type":"EntryPoint","urlTemplate":"https:\/\/www.huruguen.fr\/site\/?s={search_term_string}"},"query-input":{"@type":"PropertyValueSpecification","valueRequired":true,"valueName":"search_term_string"}}],"inLanguage":"fr-FR"},{"@type":"Organization","@id":"https:\/\/www.huruguen.fr\/site\/#organization","name":"Sébastien Huruguen Photographe","url":"https:\/\/www.huruguen.fr\/site\/","logo":{"@type":"ImageObject","inLanguage":"fr-FR","@id":"https:\/\/www.huruguen.fr\/site\/#\/schema\/logo\/image\/","url":"https:\/\/www.huruguen.fr\/site\/wp-content\/uploads\/2018\/03\/Logo-Huruguen-triptique-2018-noir-1500.jpg","contentUrl":"https:\/\/www.huruguen.fr\/site\/wp-content\/uploads\/2018\/03\/Logo-Huruguen-triptique-2018-noir-1500.jpg","width":1500,"height":1500,"caption":"Sébastien Huruguen Photographe"},"image":{"@id":"https:\/\/www.huruguen.fr\/site\/#\/schema\/logo\/image\/"},"sameAs":["https:\/\/www.facebook.com\/huruguen","https:\/\/x.com\/www_huruguen_fr","https:\/\/www.instagram.com\/sebastien.huruguen\/"]}]}</script>
<!-- / Yoast SEO plugin. -->

Photographe Concert - Photographe Professionnel à Bordeaux &#x1f4f7; Sebastien Huruguen

Photographe reporter indépendant, prestations de reportage concerts de musique de qualité professionnelles à Bordeaux, en Gironde et dans le Sud-Ouest de la France. Sébastien Huruguen est photographe de concerts et live music en Gironde.

Photographe Professionnel à Bordeaux &#x1f4f7; Sebastien Huruguen

Photographe Professionnel à Bordeaux Sebastien Huruguen

Photographe professionnel indépendant a Bordeaux. Prestations et services photograpphiques pour les professionnels et particuliers : reportages, séances photos, studio, packshot.

Sébastien Huruguen Photographe
