{"id":61532,"date":"2020-11-10T14:04:25","date_gmt":"2020-11-10T13:04:25","guid":{"rendered":"https:\/\/www.huruguen.fr\/site\/?page_id=61532"},"modified":"2020-11-10T14:06:20","modified_gmt":"2020-11-10T13:06:20","slug":"particuliers","status":"publish","type":"page","link":"https:\/\/www.huruguen.fr\/site\/particuliers\/","title":{"rendered":"Particuliers"},"content":{"rendered":"\n<h2 class=\"wp-block-heading\">Un professionnel de l&rsquo;image au services des particuliers \u00e0 Bordeaux et en Gironde<\/h2>\n\n\n\n<div style=\"height:50px\" aria-hidden=\"true\" class=\"wp-block-spacer\"><\/div>\n\n\n\n<p style=\"font-size:19px\">S\u00e9bastien Huruguen met ses comp\u00e9tences de photographe professionnel dipl\u00f4m\u00e9 au service des particuliers \u00e0 Bordeaux et en Gironde.<\/p>\n\n\n\n<p style=\"font-size:19px\">Particuliers, votre photographe S\u00e9bastien Huruguen vous propose de nombreuses s\u00e9ances photos pour immortaliser tous les instants importants de votre vie.<br>S\u00e9bastien Huruguen vous propose des prestations de qualit\u00e9, adapt\u00e9es \u00e0 toutes&nbsp;vos envies et vos besoins.<\/p>\n\n\n\n<p style=\"font-size:19px\">Parmi les diff\u00e9rentes prestations qu\u2019il vous propose, vous retrouvez notamment des s\u00e9ances photos EVJF (enterrement de vie de jeune fille) pour s\u2019\u00e9clater entre copines avant le mariage, des s\u00e9ances photos grossesse ou naissance pour garder un souvenir intact de ces premiers moments partag\u00e9s, des s\u00e9ances photos lifestyle, duo ou book pour vous \u00e9clater devant l\u2019objectif, ainsi que des stages d\u2019initiation \u00e0 la photographie pour perfectionner votre technique avec les conseils avis\u00e9s d\u2019un professionnel dipl\u00f4m\u00e9 !<\/p>\n\n\n\n<div style=\"height:40px\" aria-hidden=\"true\" class=\"wp-block-spacer\"><\/div>\n","protected":false},"excerpt":{"rendered":"<p>Un professionnel de l&rsquo;image au services des particuliers \u00e0 Bordeaux et en Gironde S\u00e9bastien Huruguen met ses comp\u00e9tences de photographe professionnel dipl\u00f4m\u00e9 au service des particuliers \u00e0 Bordeaux et en Gironde. Particuliers, votre photographe S\u00e9bastien Huruguen vous propose de nombreuses &hellip; <a href=\"https:\/\/www.huruguen.fr\/site\/particuliers\/\">Lire la suite<\/a><\/p>\n","protected":false},"author":1,"featured_media":61503,"parent":0,"menu_order":0,"comment_status":"closed","ping_status":"closed","template":"template-portfolio-grid.php","meta":{"kt_blocks_editor_width":"","footnotes":""},"class_list":["post-61532","page","type-page","status-publish","has-post-thumbnail","hentry"],"yoast_head":"<!-- This site is optimized with the Yoast SEO plugin v27.5 - https:\/\/yoast.com\/product\/yoast-seo-wordpress\/ -->\n<title>Particuliers - Photographe Professionnel \u00e0 Bordeaux &#x1f4f7; Sebastien Huruguen<\/title>\n<meta name=\"description\" content=\"S\u00e9ances photos et reportages pour les particuliers \u00e0 Bordeaux et en Gironde : EVJF, maternit\u00e9, mariage, portrait, immobilier, famille, book\" \/>\n<meta name=\"robots\" content=\"index, follow, max-snippet:-1, max-image-preview:large, max-video-preview:-1\" \/>\n<link rel=\"canonical\" href=\"https:\/\/www.huruguen.fr\/site\/particuliers\/\" \/>\n<meta property=\"og:locale\" content=\"fr_FR\" \/>\n<meta property=\"og:type\" content=\"article\" \/>\n<meta property=\"og:title\" content=\"Particuliers - Photographe Professionnel \u00e0 Bordeaux &#x1f4f7; Sebastien Huruguen\" \/>\n<meta property=\"og:description\" content=\"S\u00e9ances photos et reportages pour les particuliers \u00e0 Bordeaux et en Gironde : EVJF, maternit\u00e9, mariage, portrait, immobilier, famille, book\" \/>\n<meta property=\"og:url\" content=\"https:\/\/www.huruguen.fr\/site\/particuliers\/\" \/>\n<meta property=\"og:site_name\" content=\"Photographe Professionnel \u00e0 Bordeaux &#x1f4f7; Sebastien Huruguen\" \/>\n<meta property=\"article:publisher\" content=\"https:\/\/www.facebook.com\/huruguen\" \/>\n<meta property=\"article:modified_time\" content=\"2020-11-10T13:06:20+00:00\" \/>\n<meta property=\"og:image\" content=\"https:\/\/www.huruguen.fr\/site\/wp-content\/uploads\/2016\/02\/photographe-EVJF-seance-photo-landes-lac-sanguinet-plage-copines-sebastien-huruguen-pyramide.jpg\" \/>\n\t<meta property=\"og:image:width\" content=\"2500\" \/>\n\t<meta property=\"og:image:height\" content=\"1667\" \/>\n\t<meta property=\"og:image:type\" content=\"image\/jpeg\" \/>\n<meta name=\"twitter:card\" content=\"summary_large_image\" \/>\n<meta name=\"twitter:site\" content=\"@www_huruguen_fr\" \/>\n<meta name=\"twitter:label1\" content=\"Dur\u00e9e de lecture estim\u00e9e\" \/>\n\t<meta name=\"twitter:data1\" content=\"1 minute\" \/>\n<script type=\"application\/ld+json\" class=\"yoast-schema-graph\">{\"@context\":\"https:\\\/\\\/schema.org\",\"@graph\":[{\"@type\":\"WebPage\",\"@id\":\"https:\\\/\\\/www.huruguen.fr\\\/site\\\/particuliers\\\/\",\"url\":\"https:\\\/\\\/www.huruguen.fr\\\/site\\\/particuliers\\\/\",\"name\":\"Particuliers - Photographe Professionnel \u00e0 Bordeaux &#x1f4f7; Sebastien Huruguen\",\"isPartOf\":{\"@id\":\"https:\\\/\\\/www.huruguen.fr\\\/site\\\/#website\"},\"primaryImageOfPage\":{\"@id\":\"https:\\\/\\\/www.huruguen.fr\\\/site\\\/particuliers\\\/#primaryimage\"},\"image\":{\"@id\":\"https:\\\/\\\/www.huruguen.fr\\\/site\\\/particuliers\\\/#primaryimage\"},\"thumbnailUrl\":\"https:\\\/\\\/www.huruguen.fr\\\/site\\\/wp-content\\\/uploads\\\/2016\\\/02\\\/photographe-EVJF-seance-photo-landes-lac-sanguinet-plage-copines-sebastien-huruguen-pyramide.jpg\",\"datePublished\":\"2020-11-10T13:04:25+00:00\",\"dateModified\":\"2020-11-10T13:06:20+00:00\",\"description\":\"S\u00e9ances photos et reportages pour les particuliers \u00e0 Bordeaux et en Gironde : EVJF, maternit\u00e9, mariage, portrait, immobilier, famille, book\",\"breadcrumb\":{\"@id\":\"https:\\\/\\\/www.huruguen.fr\\\/site\\\/particuliers\\\/#breadcrumb\"},\"inLanguage\":\"fr-FR\",\"potentialAction\":[{\"@type\":\"ReadAction\",\"target\":[\"https:\\\/\\\/www.huruguen.fr\\\/site\\\/particuliers\\\/\"]}]},{\"@type\":\"ImageObject\",\"inLanguage\":\"fr-FR\",\"@id\":\"https:\\\/\\\/www.huruguen.fr\\\/site\\\/particuliers\\\/#primaryimage\",\"url\":\"https:\\\/\\\/www.huruguen.fr\\\/site\\\/wp-content\\\/uploads\\\/2016\\\/02\\\/photographe-EVJF-seance-photo-landes-lac-sanguinet-plage-copines-sebastien-huruguen-pyramide.jpg\",\"contentUrl\":\"https:\\\/\\\/www.huruguen.fr\\\/site\\\/wp-content\\\/uploads\\\/2016\\\/02\\\/photographe-EVJF-seance-photo-landes-lac-sanguinet-plage-copines-sebastien-huruguen-pyramide.jpg\",\"width\":2500,\"height\":1667,\"caption\":\"photographe-EVJF-seance-photo-landes-lac-sanguinet-plage-copines-sebastien-huruguen-pyramide\"},{\"@type\":\"BreadcrumbList\",\"@id\":\"https:\\\/\\\/www.huruguen.fr\\\/site\\\/particuliers\\\/#breadcrumb\",\"itemListElement\":[{\"@type\":\"ListItem\",\"position\":1,\"name\":\"Accueil\",\"item\":\"https:\\\/\\\/www.huruguen.fr\\\/site\\\/\"},{\"@type\":\"ListItem\",\"position\":2,\"name\":\"Particuliers\"}]},{\"@type\":\"WebSite\",\"@id\":\"https:\\\/\\\/www.huruguen.fr\\\/site\\\/#website\",\"url\":\"https:\\\/\\\/www.huruguen.fr\\\/site\\\/\",\"name\":\"Photographe Professionnel \u00e0 Bordeaux Sebastien Huruguen\",\"description\":\"Photographe professionnel ind\u00e9pendant a Bordeaux. Prestations et services photograpphiques pour les professionnels et particuliers : reportages, s\u00e9ances photos, studio, packshot.\",\"publisher\":{\"@id\":\"https:\\\/\\\/www.huruguen.fr\\\/site\\\/#organization\"},\"potentialAction\":[{\"@type\":\"SearchAction\",\"target\":{\"@type\":\"EntryPoint\",\"urlTemplate\":\"https:\\\/\\\/www.huruguen.fr\\\/site\\\/?s={search_term_string}\"},\"query-input\":{\"@type\":\"PropertyValueSpecification\",\"valueRequired\":true,\"valueName\":\"search_term_string\"}}],\"inLanguage\":\"fr-FR\"},{\"@type\":\"Organization\",\"@id\":\"https:\\\/\\\/www.huruguen.fr\\\/site\\\/#organization\",\"name\":\"S\u00e9bastien Huruguen Photographe\",\"url\":\"https:\\\/\\\/www.huruguen.fr\\\/site\\\/\",\"logo\":{\"@type\":\"ImageObject\",\"inLanguage\":\"fr-FR\",\"@id\":\"https:\\\/\\\/www.huruguen.fr\\\/site\\\/#\\\/schema\\\/logo\\\/image\\\/\",\"url\":\"https:\\\/\\\/www.huruguen.fr\\\/site\\\/wp-content\\\/uploads\\\/2018\\\/03\\\/Logo-Huruguen-triptique-2018-noir-1500.jpg\",\"contentUrl\":\"https:\\\/\\\/www.huruguen.fr\\\/site\\\/wp-content\\\/uploads\\\/2018\\\/03\\\/Logo-Huruguen-triptique-2018-noir-1500.jpg\",\"width\":1500,\"height\":1500,\"caption\":\"S\u00e9bastien Huruguen Photographe\"},\"image\":{\"@id\":\"https:\\\/\\\/www.huruguen.fr\\\/site\\\/#\\\/schema\\\/logo\\\/image\\\/\"},\"sameAs\":[\"https:\\\/\\\/www.facebook.com\\\/huruguen\",\"https:\\\/\\\/x.com\\\/www_huruguen_fr\",\"https:\\\/\\\/www.instagram.com\\\/sebastien.huruguen\\\/\"]}]}<\/script>\n<!-- \/ Yoast SEO plugin. -->","yoast_head_json":{"title":"Particuliers - Photographe Professionnel \u00e0 Bordeaux &#x1f4f7; Sebastien Huruguen","description":"S\u00e9ances photos et reportages pour les particuliers \u00e0 Bordeaux et en Gironde : EVJF, maternit\u00e9, mariage, portrait, immobilier, famille, book","robots":{"index":"index","follow":"follow","max-snippet":"max-snippet:-1","max-image-preview":"max-image-preview:large","max-video-preview":"max-video-preview:-1"},"canonical":"https:\/\/www.huruguen.fr\/site\/particuliers\/","og_locale":"fr_FR","og_type":"article","og_title":"Particuliers - Photographe Professionnel \u00e0 Bordeaux &#x1f4f7; Sebastien Huruguen","og_description":"S\u00e9ances photos et reportages pour les particuliers \u00e0 Bordeaux et en Gironde : EVJF, maternit\u00e9, mariage, portrait, immobilier, famille, book","og_url":"https:\/\/www.huruguen.fr\/site\/particuliers\/","og_site_name":"Photographe Professionnel \u00e0 Bordeaux &#x1f4f7; Sebastien Huruguen","article_publisher":"https:\/\/www.facebook.com\/huruguen","article_modified_time":"2020-11-10T13:06:20+00:00","og_image":[{"width":2500,"height":1667,"url":"https:\/\/www.huruguen.fr\/site\/wp-content\/uploads\/2016\/02\/photographe-EVJF-seance-photo-landes-lac-sanguinet-plage-copines-sebastien-huruguen-pyramide.jpg","type":"image\/jpeg"}],"twitter_card":"summary_large_image","twitter_site":"@www_huruguen_fr","twitter_misc":{"Dur\u00e9e de lecture estim\u00e9e":"1 minute"},"schema":{"@context":"https:\/\/schema.org","@graph":[{"@type":"WebPage","@id":"https:\/\/www.huruguen.fr\/site\/particuliers\/","url":"https:\/\/www.huruguen.fr\/site\/particuliers\/","name":"Particuliers - Photographe Professionnel \u00e0 Bordeaux &#x1f4f7; Sebastien Huruguen","isPartOf":{"@id":"https:\/\/www.huruguen.fr\/site\/#website"},"primaryImageOfPage":{"@id":"https:\/\/www.huruguen.fr\/site\/particuliers\/#primaryimage"},"image":{"@id":"https:\/\/www.huruguen.fr\/site\/particuliers\/#primaryimage"},"thumbnailUrl":"https:\/\/www.huruguen.fr\/site\/wp-content\/uploads\/2016\/02\/photographe-EVJF-seance-photo-landes-lac-sanguinet-plage-copines-sebastien-huruguen-pyramide.jpg","datePublished":"2020-11-10T13:04:25+00:00","dateModified":"2020-11-10T13:06:20+00:00","description":"S\u00e9ances photos et reportages pour les particuliers \u00e0 Bordeaux et en Gironde : EVJF, maternit\u00e9, mariage, portrait, immobilier, famille, book","breadcrumb":{"@id":"https:\/\/www.huruguen.fr\/site\/particuliers\/#breadcrumb"},"inLanguage":"fr-FR","potentialAction":[{"@type":"ReadAction","target":["https:\/\/www.huruguen.fr\/site\/particuliers\/"]}]},{"@type":"ImageObject","inLanguage":"fr-FR","@id":"https:\/\/www.huruguen.fr\/site\/particuliers\/#primaryimage","url":"https:\/\/www.huruguen.fr\/site\/wp-content\/uploads\/2016\/02\/photographe-EVJF-seance-photo-landes-lac-sanguinet-plage-copines-sebastien-huruguen-pyramide.jpg","contentUrl":"https:\/\/www.huruguen.fr\/site\/wp-content\/uploads\/2016\/02\/photographe-EVJF-seance-photo-landes-lac-sanguinet-plage-copines-sebastien-huruguen-pyramide.jpg","width":2500,"height":1667,"caption":"photographe-EVJF-seance-photo-landes-lac-sanguinet-plage-copines-sebastien-huruguen-pyramide"},{"@type":"BreadcrumbList","@id":"https:\/\/www.huruguen.fr\/site\/particuliers\/#breadcrumb","itemListElement":[{"@type":"ListItem","position":1,"name":"Accueil","item":"https:\/\/www.huruguen.fr\/site\/"},{"@type":"ListItem","position":2,"name":"Particuliers"}]},{"@type":"WebSite","@id":"https:\/\/www.huruguen.fr\/site\/#website","url":"https:\/\/www.huruguen.fr\/site\/","name":"Photographe Professionnel \u00e0 Bordeaux Sebastien Huruguen","description":"Photographe professionnel ind\u00e9pendant a Bordeaux. Prestations et services photograpphiques pour les professionnels et particuliers : reportages, s\u00e9ances photos, studio, packshot.","publisher":{"@id":"https:\/\/www.huruguen.fr\/site\/#organization"},"potentialAction":[{"@type":"SearchAction","target":{"@type":"EntryPoint","urlTemplate":"https:\/\/www.huruguen.fr\/site\/?s={search_term_string}"},"query-input":{"@type":"PropertyValueSpecification","valueRequired":true,"valueName":"search_term_string"}}],"inLanguage":"fr-FR"},{"@type":"Organization","@id":"https:\/\/www.huruguen.fr\/site\/#organization","name":"S\u00e9bastien Huruguen Photographe","url":"https:\/\/www.huruguen.fr\/site\/","logo":{"@type":"ImageObject","inLanguage":"fr-FR","@id":"https:\/\/www.huruguen.fr\/site\/#\/schema\/logo\/image\/","url":"https:\/\/www.huruguen.fr\/site\/wp-content\/uploads\/2018\/03\/Logo-Huruguen-triptique-2018-noir-1500.jpg","contentUrl":"https:\/\/www.huruguen.fr\/site\/wp-content\/uploads\/2018\/03\/Logo-Huruguen-triptique-2018-noir-1500.jpg","width":1500,"height":1500,"caption":"S\u00e9bastien Huruguen Photographe"},"image":{"@id":"https:\/\/www.huruguen.fr\/site\/#\/schema\/logo\/image\/"},"sameAs":["https:\/\/www.facebook.com\/huruguen","https:\/\/x.com\/www_huruguen_fr","https:\/\/www.instagram.com\/sebastien.huruguen\/"]}]}},"_links":{"self":[{"href":"https:\/\/www.huruguen.fr\/site\/wp-json\/wp\/v2\/pages\/61532","targetHints":{"allow":["GET"]}}],"collection":[{"href":"https:\/\/www.huruguen.fr\/site\/wp-json\/wp\/v2\/pages"}],"about":[{"href":"https:\/\/www.huruguen.fr\/site\/wp-json\/wp\/v2\/types\/page"}],"author":[{"embeddable":true,"href":"https:\/\/www.huruguen.fr\/site\/wp-json\/wp\/v2\/users\/1"}],"replies":[{"embeddable":true,"href":"https:\/\/www.huruguen.fr\/site\/wp-json\/wp\/v2\/comments?post=61532"}],"version-history":[{"count":3,"href":"https:\/\/www.huruguen.fr\/site\/wp-json\/wp\/v2\/pages\/61532\/revisions"}],"predecessor-version":[{"id":61535,"href":"https:\/\/www.huruguen.fr\/site\/wp-json\/wp\/v2\/pages\/61532\/revisions\/61535"}],"wp:featuredmedia":[{"embeddable":true,"href":"https:\/\/www.huruguen.fr\/site\/wp-json\/wp\/v2\/media\/61503"}],"wp:attachment":[{"href":"https:\/\/www.huruguen.fr\/site\/wp-json\/wp\/v2\/media?parent=61532"}],"curies":[{"name":"wp","href":"https:\/\/api.w.org\/{rel}","templated":true}]}}