{"id":53462,"date":"2016-02-27T18:31:33","date_gmt":"2016-02-27T17:31:33","guid":{"rendered":"http:\/\/www.huruguen.fr\/site\/?page_id=53462"},"modified":"2026-02-25T15:39:11","modified_gmt":"2026-02-25T14:39:11","slug":"photographe-professionnel-bordeaux-sebastien-huruguen","status":"publish","type":"page","link":"https:\/\/www.huruguen.fr\/site\/","title":{"rendered":"S\u00e9bastien Huruguen Photographe Professionnel \u00e0 Bordeaux"},"content":{"rendered":"\n<div style=\"height:100px\" aria-hidden=\"true\" class=\"wp-block-spacer\"><\/div>\n\n\n\n<p class=\"has-text-align-center has-small-font-size\"><strong>S\u00e9bastien Huruguen<\/strong> est photographe <strong>professionnel<\/strong>&nbsp;\u00e0 Bordeaux au service des <strong>professionnels<\/strong>&nbsp;et des <strong>particuliers<\/strong>.<br>Bas\u00e9 \u00e0 Villenave d&rsquo;Ornon <strong>Bordeaux<\/strong>&nbsp;en Gironde, au bord de la c\u00f4te atlantique dans le grand Sud-Ouest de la France.<\/p>\n\n\n\n<p class=\"has-text-align-center has-small-font-size\">S\u00e9bastien&nbsp;se d\u00e9place sur demande en fonction de vos <strong>besoins<\/strong> en images dans toute la r\u00e9gion <strong>Nouvelle-Aquitaine<\/strong> et <strong>au-del\u00e0<\/strong>.<br>Artisan photographe ind\u00e9pendant <strong>dipl\u00f4m\u00e9<\/strong> du <strong>BTS<\/strong> photographie inscrit au r\u00e9pertoire des m\u00e9tiers.<\/p>\n\n\n\n<div style=\"height:100px\" aria-hidden=\"true\" class=\"wp-block-spacer\"><\/div>\n\n\n\n<p class=\"has-text-align-center has-small-font-size\"><em>photographe immobilier bordeaux | photographe culinaire bordeaux | photos packshot bordeaux | photographe produits bordeaux | photographe publicitaire bordeaux | studio photo bordeaux | photographe \u00e9v\u00e9nementiel | photographe triathlon | photographe presse institutionnelle | photographe mode et beaut\u00e9 | s\u00e9ance photo EVJF bordeaux | s\u00e9ance photo grossesse bordeaux | s\u00e9ance photo book bordeaux | s\u00e9ance photo famille bordeaux | s\u00e9ance photo nouveau n\u00e9 bordeaux | photographe annonce immobili\u00e8re gironde | s\u00e9ance photo lifestyle bordeaux | photographe professionnel bordeaux | Photographe Professionnel Villenave d&rsquo;Ornon | Photographe Professionnel Talence | Photographe Professionnel Pessac | Photographe Professionnel M\u00e9rignac | Photographe Professionnel Cap-Ferret | Photographe Professionnel Arcachon | Photographe Professionnel Lacanau | Photographe Professionnel Saint-Emilion | Photographe Professionnel Saint-M\u00e9dard-en-Jalles | Photographe Professionnel La Teste-de-Buch | Photographe Professionnel B\u00e8gles | Photographe Professionnel Le Bouscat | Photographe Professionnel Gradignan | Photographe Professionnel B\u00e8gles | Photographe Professionnel Le Bouscat | Photographe Professionnel Libourne | Photographe Professionnel L\u00e9ognan | Photographe Professionnel Blanquefort<\/em><\/p>\n\n\n\n<div style=\"height:100px\" aria-hidden=\"true\" class=\"wp-block-spacer\"><\/div>\n\n\n\n<p><\/p>\n","protected":false},"excerpt":{"rendered":"<p>S\u00e9bastien Huruguen est photographe professionnel&nbsp;\u00e0 Bordeaux au service des professionnels&nbsp;et des particuliers.Bas\u00e9 \u00e0 Villenave d&rsquo;Ornon Bordeaux&nbsp;en Gironde, au bord de la c\u00f4te atlantique dans le grand Sud-Ouest de la France. S\u00e9bastien&nbsp;se d\u00e9place sur demande en fonction de vos besoins en &hellip; <a href=\"https:\/\/www.huruguen.fr\/site\/\">Lire la suite<\/a><\/p>\n","protected":false},"author":1,"featured_media":63336,"parent":0,"menu_order":0,"comment_status":"closed","ping_status":"closed","template":"","meta":{"kt_blocks_editor_width":"","footnotes":""},"class_list":["post-53462","page","type-page","status-publish","has-post-thumbnail","hentry"],"yoast_head":"<!-- This site is optimized with the Yoast SEO plugin v27.5 - https:\/\/yoast.com\/product\/yoast-seo-wordpress\/ -->\n<title>Photographe Professionnel \u00e0 Bordeaux | S\u00e9bastien Huruguen | Accueil<\/title>\n<meta name=\"description\" content=\"Photographe professionnel \u00e0 Bordeaux : packshot, studio, ambiance, culinaire, mariage, EVJF, maternit\u00e9, immobilier, portrait, Triathlon\" \/>\n<meta name=\"robots\" content=\"index, follow, max-snippet:-1, max-image-preview:large, max-video-preview:-1\" \/>\n<link rel=\"canonical\" href=\"https:\/\/www.huruguen.fr\/site\/\" \/>\n<meta property=\"og:locale\" content=\"fr_FR\" \/>\n<meta property=\"og:type\" content=\"article\" \/>\n<meta property=\"og:title\" content=\"Photographe Pro Bordeaux - S\u00e9bastien Huruguen\" \/>\n<meta property=\"og:description\" content=\"Visitez les galeries photos et d\u00e9couvrez les diff\u00e9rentes s\u00e9ances photos et prestations que je propose aux particuliers et professionnels.\" \/>\n<meta property=\"og:url\" content=\"https:\/\/www.huruguen.fr\/site\/\" \/>\n<meta property=\"og:site_name\" content=\"Photographe Professionnel \u00e0 Bordeaux &#x1f4f7; Sebastien Huruguen\" \/>\n<meta property=\"article:publisher\" content=\"https:\/\/www.facebook.com\/huruguen\" \/>\n<meta property=\"article:modified_time\" content=\"2026-02-25T14:39:11+00:00\" \/>\n<meta property=\"og:image\" content=\"https:\/\/www.huruguen.fr\/site\/wp-content\/uploads\/2016\/04\/sebastien-huruguen-photographe-bordeaux-porquerolles-eau-turquoise-mer-transparente-lagon-ponton-calme-bleue-mediterrannee-giens-coraux-tour-fondue-ile.jpg\" \/>\n\t<meta property=\"og:image:width\" content=\"2000\" \/>\n\t<meta property=\"og:image:height\" content=\"1333\" \/>\n\t<meta property=\"og:image:type\" content=\"image\/jpeg\" \/>\n<meta name=\"twitter:card\" content=\"summary_large_image\" \/>\n<meta name=\"twitter:title\" content=\"Photographe Pro Bordeaux - S\u00e9bastien Huruguen\" \/>\n<meta name=\"twitter:description\" content=\"Visitez les galeries photos et d\u00e9couvrez les diff\u00e9rentes s\u00e9ances photos et prestations que je propose aux particuliers et professionnels.\" \/>\n<meta name=\"twitter:image\" content=\"https:\/\/www.huruguen.fr\/site\/wp-content\/uploads\/2016\/04\/sebastien-huruguen-photographe-bordeaux-porquerolles-eau-turquoise-mer-transparente-lagon-ponton-calme-bleue-mediterrannee-giens-coraux-tour-fondue-ile.jpg\" \/>\n<meta name=\"twitter:site\" content=\"@www_huruguen_fr\" \/>\n<meta name=\"twitter:label1\" content=\"Dur\u00e9e de lecture estim\u00e9e\" \/>\n\t<meta name=\"twitter:data1\" content=\"2 minutes\" \/>\n<script type=\"application\/ld+json\" class=\"yoast-schema-graph\">{\"@context\":\"https:\\\/\\\/schema.org\",\"@graph\":[{\"@type\":\"WebPage\",\"@id\":\"https:\\\/\\\/www.huruguen.fr\\\/site\\\/\",\"url\":\"https:\\\/\\\/www.huruguen.fr\\\/site\\\/\",\"name\":\"Photographe Professionnel \u00e0 Bordeaux | S\u00e9bastien Huruguen | Accueil\",\"isPartOf\":{\"@id\":\"https:\\\/\\\/www.huruguen.fr\\\/site\\\/#website\"},\"primaryImageOfPage\":{\"@id\":\"https:\\\/\\\/www.huruguen.fr\\\/site\\\/#primaryimage\"},\"image\":{\"@id\":\"https:\\\/\\\/www.huruguen.fr\\\/site\\\/#primaryimage\"},\"thumbnailUrl\":\"https:\\\/\\\/www.huruguen.fr\\\/site\\\/wp-content\\\/uploads\\\/2025\\\/06\\\/HA-Frenchman-Triathlon-XXL-Carcans-2025-Marine-Dulau.jpg\",\"datePublished\":\"2016-02-27T17:31:33+00:00\",\"dateModified\":\"2026-02-25T14:39:11+00:00\",\"description\":\"Photographe professionnel \u00e0 Bordeaux : packshot, studio, ambiance, culinaire, mariage, EVJF, maternit\u00e9, immobilier, portrait, Triathlon\",\"breadcrumb\":{\"@id\":\"https:\\\/\\\/www.huruguen.fr\\\/site\\\/#breadcrumb\"},\"inLanguage\":\"fr-FR\",\"potentialAction\":[{\"@type\":\"ReadAction\",\"target\":[\"https:\\\/\\\/www.huruguen.fr\\\/site\\\/\"]}]},{\"@type\":\"ImageObject\",\"inLanguage\":\"fr-FR\",\"@id\":\"https:\\\/\\\/www.huruguen.fr\\\/site\\\/#primaryimage\",\"url\":\"https:\\\/\\\/www.huruguen.fr\\\/site\\\/wp-content\\\/uploads\\\/2025\\\/06\\\/HA-Frenchman-Triathlon-XXL-Carcans-2025-Marine-Dulau.jpg\",\"contentUrl\":\"https:\\\/\\\/www.huruguen.fr\\\/site\\\/wp-content\\\/uploads\\\/2025\\\/06\\\/HA-Frenchman-Triathlon-XXL-Carcans-2025-Marine-Dulau.jpg\",\"width\":1500,\"height\":1000,\"caption\":\"Les photos officielles du H&A Frenchman 2025 triathlon XXL par S\u00e9bastien Huruguen photographe Marine Dulau BeTri\"},{\"@type\":\"BreadcrumbList\",\"@id\":\"https:\\\/\\\/www.huruguen.fr\\\/site\\\/#breadcrumb\",\"itemListElement\":[{\"@type\":\"ListItem\",\"position\":1,\"name\":\"Accueil\",\"item\":\"https:\\\/\\\/www.huruguen.fr\\\/site\\\/\"},{\"@type\":\"ListItem\",\"position\":2,\"name\":\"S\u00e9bastien Huruguen Photographe Professionnel \u00e0 Bordeaux\"}]},{\"@type\":\"WebSite\",\"@id\":\"https:\\\/\\\/www.huruguen.fr\\\/site\\\/#website\",\"url\":\"https:\\\/\\\/www.huruguen.fr\\\/site\\\/\",\"name\":\"Photographe Professionnel \u00e0 Bordeaux Sebastien Huruguen\",\"description\":\"Photographe professionnel ind\u00e9pendant a Bordeaux. Prestations et services photograpphiques pour les professionnels et particuliers : reportages, s\u00e9ances photos, studio, packshot.\",\"publisher\":{\"@id\":\"https:\\\/\\\/www.huruguen.fr\\\/site\\\/#organization\"},\"potentialAction\":[{\"@type\":\"SearchAction\",\"target\":{\"@type\":\"EntryPoint\",\"urlTemplate\":\"https:\\\/\\\/www.huruguen.fr\\\/site\\\/?s={search_term_string}\"},\"query-input\":{\"@type\":\"PropertyValueSpecification\",\"valueRequired\":true,\"valueName\":\"search_term_string\"}}],\"inLanguage\":\"fr-FR\"},{\"@type\":\"Organization\",\"@id\":\"https:\\\/\\\/www.huruguen.fr\\\/site\\\/#organization\",\"name\":\"S\u00e9bastien Huruguen Photographe\",\"url\":\"https:\\\/\\\/www.huruguen.fr\\\/site\\\/\",\"logo\":{\"@type\":\"ImageObject\",\"inLanguage\":\"fr-FR\",\"@id\":\"https:\\\/\\\/www.huruguen.fr\\\/site\\\/#\\\/schema\\\/logo\\\/image\\\/\",\"url\":\"https:\\\/\\\/www.huruguen.fr\\\/site\\\/wp-content\\\/uploads\\\/2018\\\/03\\\/Logo-Huruguen-triptique-2018-noir-1500.jpg\",\"contentUrl\":\"https:\\\/\\\/www.huruguen.fr\\\/site\\\/wp-content\\\/uploads\\\/2018\\\/03\\\/Logo-Huruguen-triptique-2018-noir-1500.jpg\",\"width\":1500,\"height\":1500,\"caption\":\"S\u00e9bastien Huruguen Photographe\"},\"image\":{\"@id\":\"https:\\\/\\\/www.huruguen.fr\\\/site\\\/#\\\/schema\\\/logo\\\/image\\\/\"},\"sameAs\":[\"https:\\\/\\\/www.facebook.com\\\/huruguen\",\"https:\\\/\\\/x.com\\\/www_huruguen_fr\",\"https:\\\/\\\/www.instagram.com\\\/sebastien.huruguen\\\/\"]}]}<\/script>\n<!-- \/ Yoast SEO plugin. -->","yoast_head_json":{"title":"Photographe Professionnel \u00e0 Bordeaux | S\u00e9bastien Huruguen | Accueil","description":"Photographe professionnel \u00e0 Bordeaux : packshot, studio, ambiance, culinaire, mariage, EVJF, maternit\u00e9, immobilier, portrait, Triathlon","robots":{"index":"index","follow":"follow","max-snippet":"max-snippet:-1","max-image-preview":"max-image-preview:large","max-video-preview":"max-video-preview:-1"},"canonical":"https:\/\/www.huruguen.fr\/site\/","og_locale":"fr_FR","og_type":"article","og_title":"Photographe Pro Bordeaux - S\u00e9bastien Huruguen","og_description":"Visitez les galeries photos et d\u00e9couvrez les diff\u00e9rentes s\u00e9ances photos et prestations que je propose aux particuliers et professionnels.","og_url":"https:\/\/www.huruguen.fr\/site\/","og_site_name":"Photographe Professionnel \u00e0 Bordeaux &#x1f4f7; Sebastien Huruguen","article_publisher":"https:\/\/www.facebook.com\/huruguen","article_modified_time":"2026-02-25T14:39:11+00:00","og_image":[{"width":2000,"height":1333,"url":"https:\/\/www.huruguen.fr\/site\/wp-content\/uploads\/2016\/04\/sebastien-huruguen-photographe-bordeaux-porquerolles-eau-turquoise-mer-transparente-lagon-ponton-calme-bleue-mediterrannee-giens-coraux-tour-fondue-ile.jpg","type":"image\/jpeg"}],"twitter_card":"summary_large_image","twitter_title":"Photographe Pro Bordeaux - S\u00e9bastien Huruguen","twitter_description":"Visitez les galeries photos et d\u00e9couvrez les diff\u00e9rentes s\u00e9ances photos et prestations que je propose aux particuliers et professionnels.","twitter_image":"https:\/\/www.huruguen.fr\/site\/wp-content\/uploads\/2016\/04\/sebastien-huruguen-photographe-bordeaux-porquerolles-eau-turquoise-mer-transparente-lagon-ponton-calme-bleue-mediterrannee-giens-coraux-tour-fondue-ile.jpg","twitter_site":"@www_huruguen_fr","twitter_misc":{"Dur\u00e9e de lecture estim\u00e9e":"2 minutes"},"schema":{"@context":"https:\/\/schema.org","@graph":[{"@type":"WebPage","@id":"https:\/\/www.huruguen.fr\/site\/","url":"https:\/\/www.huruguen.fr\/site\/","name":"Photographe Professionnel \u00e0 Bordeaux | S\u00e9bastien Huruguen | Accueil","isPartOf":{"@id":"https:\/\/www.huruguen.fr\/site\/#website"},"primaryImageOfPage":{"@id":"https:\/\/www.huruguen.fr\/site\/#primaryimage"},"image":{"@id":"https:\/\/www.huruguen.fr\/site\/#primaryimage"},"thumbnailUrl":"https:\/\/www.huruguen.fr\/site\/wp-content\/uploads\/2025\/06\/HA-Frenchman-Triathlon-XXL-Carcans-2025-Marine-Dulau.jpg","datePublished":"2016-02-27T17:31:33+00:00","dateModified":"2026-02-25T14:39:11+00:00","description":"Photographe professionnel \u00e0 Bordeaux : packshot, studio, ambiance, culinaire, mariage, EVJF, maternit\u00e9, immobilier, portrait, Triathlon","breadcrumb":{"@id":"https:\/\/www.huruguen.fr\/site\/#breadcrumb"},"inLanguage":"fr-FR","potentialAction":[{"@type":"ReadAction","target":["https:\/\/www.huruguen.fr\/site\/"]}]},{"@type":"ImageObject","inLanguage":"fr-FR","@id":"https:\/\/www.huruguen.fr\/site\/#primaryimage","url":"https:\/\/www.huruguen.fr\/site\/wp-content\/uploads\/2025\/06\/HA-Frenchman-Triathlon-XXL-Carcans-2025-Marine-Dulau.jpg","contentUrl":"https:\/\/www.huruguen.fr\/site\/wp-content\/uploads\/2025\/06\/HA-Frenchman-Triathlon-XXL-Carcans-2025-Marine-Dulau.jpg","width":1500,"height":1000,"caption":"Les photos officielles du H&A Frenchman 2025 triathlon XXL par S\u00e9bastien Huruguen photographe Marine Dulau BeTri"},{"@type":"BreadcrumbList","@id":"https:\/\/www.huruguen.fr\/site\/#breadcrumb","itemListElement":[{"@type":"ListItem","position":1,"name":"Accueil","item":"https:\/\/www.huruguen.fr\/site\/"},{"@type":"ListItem","position":2,"name":"S\u00e9bastien Huruguen Photographe Professionnel \u00e0 Bordeaux"}]},{"@type":"WebSite","@id":"https:\/\/www.huruguen.fr\/site\/#website","url":"https:\/\/www.huruguen.fr\/site\/","name":"Photographe Professionnel \u00e0 Bordeaux Sebastien Huruguen","description":"Photographe professionnel ind\u00e9pendant a Bordeaux. Prestations et services photograpphiques pour les professionnels et particuliers : reportages, s\u00e9ances photos, studio, packshot.","publisher":{"@id":"https:\/\/www.huruguen.fr\/site\/#organization"},"potentialAction":[{"@type":"SearchAction","target":{"@type":"EntryPoint","urlTemplate":"https:\/\/www.huruguen.fr\/site\/?s={search_term_string}"},"query-input":{"@type":"PropertyValueSpecification","valueRequired":true,"valueName":"search_term_string"}}],"inLanguage":"fr-FR"},{"@type":"Organization","@id":"https:\/\/www.huruguen.fr\/site\/#organization","name":"S\u00e9bastien Huruguen Photographe","url":"https:\/\/www.huruguen.fr\/site\/","logo":{"@type":"ImageObject","inLanguage":"fr-FR","@id":"https:\/\/www.huruguen.fr\/site\/#\/schema\/logo\/image\/","url":"https:\/\/www.huruguen.fr\/site\/wp-content\/uploads\/2018\/03\/Logo-Huruguen-triptique-2018-noir-1500.jpg","contentUrl":"https:\/\/www.huruguen.fr\/site\/wp-content\/uploads\/2018\/03\/Logo-Huruguen-triptique-2018-noir-1500.jpg","width":1500,"height":1500,"caption":"S\u00e9bastien Huruguen Photographe"},"image":{"@id":"https:\/\/www.huruguen.fr\/site\/#\/schema\/logo\/image\/"},"sameAs":["https:\/\/www.facebook.com\/huruguen","https:\/\/x.com\/www_huruguen_fr","https:\/\/www.instagram.com\/sebastien.huruguen\/"]}]}},"_links":{"self":[{"href":"https:\/\/www.huruguen.fr\/site\/wp-json\/wp\/v2\/pages\/53462","targetHints":{"allow":["GET"]}}],"collection":[{"href":"https:\/\/www.huruguen.fr\/site\/wp-json\/wp\/v2\/pages"}],"about":[{"href":"https:\/\/www.huruguen.fr\/site\/wp-json\/wp\/v2\/types\/page"}],"author":[{"embeddable":true,"href":"https:\/\/www.huruguen.fr\/site\/wp-json\/wp\/v2\/users\/1"}],"replies":[{"embeddable":true,"href":"https:\/\/www.huruguen.fr\/site\/wp-json\/wp\/v2\/comments?post=53462"}],"version-history":[{"count":26,"href":"https:\/\/www.huruguen.fr\/site\/wp-json\/wp\/v2\/pages\/53462\/revisions"}],"predecessor-version":[{"id":63374,"href":"https:\/\/www.huruguen.fr\/site\/wp-json\/wp\/v2\/pages\/53462\/revisions\/63374"}],"wp:featuredmedia":[{"embeddable":true,"href":"https:\/\/www.huruguen.fr\/site\/wp-json\/wp\/v2\/media\/63336"}],"wp:attachment":[{"href":"https:\/\/www.huruguen.fr\/site\/wp-json\/wp\/v2\/media?parent=53462"}],"curies":[{"name":"wp","href":"https:\/\/api.w.org\/{rel}","templated":true}]}}